nits digit of (1/(-2)*f)/(4/(-94))?
7
What is the tens digit of ((-15930)/4)/15*-2?
3
What is the tens digit of 284/639 - (-12209)/9?
5
Let f(r) = -r - 5. Let g be f(-11). Let d = g - -68. What is the units digit of d?
4
Let a(i) = i - 8. Let s be a(11). Suppose 0 = 3*t - 9, 36 = r + 4*r - s*t. What is the units digit of (1 + r + -4)/1?
6
Let h = 6 - 2. Suppose h*k = 2*k + 3*j + 6, 15 = 5*k - 2*j. Suppose 0 = 3*y - 9, 2*c + 0*c - k*y - 37 = 0. What is the tens digit of c?
2
Suppose p + 4*c = 4091, 15*p - 14*p - 3*c - 4105 = 0. What is the units digit of p?
9
Suppose 204 = 11*s - 10*s. Suppose 7*f = f + s. What is the tens digit of f?
3
Let n(w) = -7*w**2 - 223*w - 12. What is the hundreds digit of n(-30)?
3
Let k(f) = f**3 + 7*f**2 - 3*f - 1. Let b be k(-6). Suppose -b = -c + 30. What is the units digit of c?
3
Let i = 72 - 4. Suppose 0 = 3*u + 98 + 37. Let j = u + i. What is the tens digit of j?
2
What is the units digit of ((-4)/6)/((-3496)/582 + 6)?
7
Let b = 0 - -20. Suppose 5*f - m - 108 = 0, f - 3*m + 2*m = b. Let j = 16 + f. What is the tens digit of j?
3
Let t = -89 + 83. Let g(y) = -y**3 + y**2 + 12*y + 6. What is the tens digit of g(t)?
8
Suppose 5*v - c + 335 = 0, 2*v - 3*c - 2*c + 111 = 0. Let u = 130 + v. What is the tens digit of u?
6
Let n be -2 - (-2)/(6/75). Let p = n + -13. What is the tens digit of p?
1
Suppose -16384 = -17*n + 14*n - 2*d, 0 = 2*n + 6*d - 10918. What is the hundreds digit of n?
4
Suppose -66 = -4*k - 26. What is the units digit of (k/6)/((-5)/(-60))?
0
Let l(g) = 66*g - 1. What is the units digit of l(7)?
1
Let u = -39 - -56. Suppose v = -4*p + u, 3*v - 21 = p + 4. What is the units digit of v*3/(-3)*-1?
9
Let f(l) = 98*l - 5. Let d be f(4). Let n = -234 + d. What is the tens digit of n?
5
Let j(m) = -61*m + 8. What is the units digit of j(-22)?
0
Let h = -150 + 230. Suppose -h - 184 = -3*u. What is the tens digit of u?
8
Let b = -264 + 566. What is the units digit of b?
2
Let c = 564 + -340. Let x = -32 + c. What is the tens digit of x?
9
Suppose -3*d = 3*o + 6, 0*d + 5*o + 16 = d. Suppose 0 = 9*z - 107 + 17. What is the units digit of (z - 2) + 0/d?
8
Let w(q) = q**2 + 12*q - 24. Let l be w(-18). Let u = 5 + 2. Suppose 4*a + l = u*a. What is the tens digit of a?
2
Let f(o) = o**2 + 18*o + 83. Let w be f(-10). Let v(y) = -y + 3. Let p be v(3). Suppose h = -w*u + 39 + 17, p = h + 2*u - 56. What is the tens digit of h?
5
Let k be -2 + 6 + (1 - 4). Suppose 0*m - m = -k. Let c(x) = 35*x. What is the tens digit of c(m)?
3
What is the tens digit of 24 + (-37)/13 + (-22)/143?
2
Suppose -2*y - b = -4, -2*y + 3*b + 4 = -4*y. Suppose 6*j - 34 = y*j. What is the units digit of j?
7
Suppose -3*y - 305 = -p + 576, -4387 = -5*p - 3*y. What is the units digit of p?
8
Suppose 0 = 2*n + 3*u - 1169, n - 10*u - 568 = -6*u. What is the hundreds digit of n?
5
Suppose -4*d = b - 81, 3*b + 2*d - 271 = -3*d. Suppose 3*z + b = 490. What is the tens digit of z?
3
Let f = 53 + -102. Let t = 17 - f. What is the units digit of t?
6
Let u = 41 - 23. Let z be (-4)/u - (-1892)/9. What is the units digit of z/28 + 1/(-2)?
7
Let h be 8/(-6)*30/(-8). Let k be -8*2/4*-1. Suppose w = h*t + 21, -k*t + 16 = 4*w - 7*t. What is the units digit of w?
1
What is the hundreds digit of 2957826/2175 - 4/(-50)?
3
Suppose 57*g + 3381 = 64*g. What is the units digit of g?
3
Let z = -102 - -473. What is the hundreds digit of z?
3
Let d be (1 + -2)/(-1) + 1. Suppose d = x - 0. Suppose 2*m + x*w - 97 = -m, 5*m - 3*w = 187. What is the units digit of m?
5
Suppose 0 = a - 6*a + 2*k - 322, k - 193 = 3*a. Let i = a + 248. What is the units digit of i?
4
Let c = -612 - -1006. What is the units digit of c?
4
Let d = 10 - 6. Let b(i) = -i + d + i + 4 + 4*i. What is the tens digit of b(4)?
2
Let a(b) be the first derivative of 8*b**3/3 - b + 16. What is the units digit of a(-4)?
7
Let p(d) = 5*d**2 - 6*d + 6. Let f be p(1). What is the hundreds digit of (f/2)/(-2 + 89/44)?
1
Suppose -40*y = -46*y + 3438. What is the tens digit of y?
7
Let c(k) = 5*k**3 + 5*k**2 + 4*k - 9. What is the hundreds digit of c(5)?
7
Suppose 4*u + u + 18 = 4*g, g + u = 0. Suppose g*i = -i + 9. Suppose 0 = i*l + t - 193, 0*t - t - 71 = -l. What is the tens digit of l?
6
Let c be -1*9/2*4. Let y(j) = 2*j**2 + 2*j - 4. Let w be y(3). Let u = w + c. What is the units digit of u?
2
Let r(t) = 35*t - 1. Let u be r(1). Suppose -l + 3*l - u = 0. What is the tens digit of l?
1
Suppose 0 = 11*s - 9*s. Let c = 3 - 0. Suppose -c*h + s*h + 21 = 0. What is the units digit of h?
7
Let h = 3 + -3. Suppose h = -3*f - 4 + 7. What is the tens digit of (-12)/(-1) - (-1)/f?
1
Suppose -5*q - f - 80 = 0, -6*q + 2*q = -5*f + 64. Let x = 18 + q. Let b = x - -21. What is the units digit of b?
3
Let n(f) = -f - 1. Let s be n(-4). What is the tens digit of (s/(-9)*0)/(-1) - -208?
0
Let s = 747 + -368. Suppose -2*g + s - 117 = 0. What is the tens digit of g?
3
Let s(f) = -2*f + 18. Let a be s(-13). Let k = a + 0. What is the units digit of k?
4
Let n = -1081 + 1543. What is the hundreds digit of n?
4
Suppose 2*u - 139 = -2*k + 3099, -k = -2*u - 1628. What is the tens digit of k?
2
Let p(d) be the third derivative of 3*d**5/10 - d**4/12 + d**3/6 - 46*d**2. What is the hundreds digit of p(4)?
2
Let f(x) = -13*x**3 - 8*x**2 - 6*x - 12. Let k be f(-4). What is the hundreds digit of k/7 + (-2)/(-14)*-2?
1
Suppose -2*o + o - 10 = -k, -2*k + 11 = o. Let z(m) be the first derivative of m**4/4 - 8*m**3/3 + 9*m**2/2 - 10*m - 1. What is the units digit of z(k)?
4
Let c = -1377 - -1959. Suppose 0 = 5*b - c + 137. What is the units digit of b?
9
Let u(m) = -5*m**2 - 1. Let k be u(1). Suppose 0 = -2*r - 5*y + 31, 0 = -5*r + 5*y - 67 + 162. What is the units digit of ((-20)/3)/(k/r)?
0
Suppose 7*q = 8753 - 2964. Suppose -10*w + q - 117 = 0. What is the tens digit of w?
7
Suppose 2*p - a = -4, 23 = -4*a + 7. Let c = 2 - p. Suppose -2*z + c*z = 144. What is the tens digit of z?
3
Suppose 10988 + 39084 = 22*i. What is the units digit of i?
6
Let c = 0 - -3. Let o(m) = -3*m + 0 - 7*m**3 + 8*m**c - 1. What is the units digit of o(2)?
1
Suppose -12293 = -30*w + 11017. What is the tens digit of w?
7
Let l = -3651 - -5407. What is the tens digit of l?
5
Suppose 13*l - 2*z + 2 = 9*l, 3*l = -z + 11. Suppose s - 128 = l*j, 332 = 5*s - 4*j - 302. What is the tens digit of s?
2
Let q(h) be the first derivative of -h**2/2 - 5*h - 6. Let z be q(-8). Suppose 2*l + 2*y = -z*l + 129, 5*y - 35 = -l. What is the units digit of l?
5
Suppose -5*u + 204 = -2*i - 536, -443 = -3*u + i. What is the tens digit of u?
4
Let s(c) be the first derivative of -c**3/3 + 3*c**2 - 5*c + 4. Let b be s(5). Suppose b = 3*a - 5*f - 41, 7 - 27 = -4*a - 2*f. What is the units digit of a?
7
Suppose l + 4 = -1. What is the tens digit of (-349)/l + (-2)/(-1 + -9)?
7
Let o(p) = p**3 - 5*p**2 - 5*p + 6. Let r(l) = 3*l**2 + 5*l - 19. Let x be r(-4). What is the tens digit of o(x)?
8
Suppose -11*o = -8*o - 1308. Suppose -36 = 2*u - o. What is the tens digit of u?
0
Suppose -4*w + 13 = 5. Suppose 14 = 2*j - h, 7*j - 45 = w*j + 5*h. What is the units digit of j?
5
Let w be 3*(-5)/(5/(-18)). Suppose 3*v = 5*b + 100, w = -b - b + 4*v. Let o = 6 - b. What is the tens digit of o?
2
Let k(u) = 8*u + 3. Let i(j) = 3*j + 1. Let x(q) = -11*i(q) + 4*k(q). Let l be x(-5). Suppose -l*r = -2*r - 76. What is the tens digit of r?
1
Let z(r) = -58*r**3 + 6*r**2 + 6*r + 5. What is the units digit of z(-3)?
7
Let n(y) = -129*y**2 + y + 6. Let r(d) = 256*d**2 - 2*d - 13. Let q(s) = -13*n(s) - 6*r(s). What is the units digit of q(1)?
0
Suppose 2*w + 4*k + 199 - 739 = 0, -4*w + 3*k = -1069. What is the units digit of w?
8
Let d be 36/3 + -1 + 2. Let y = d - 10. Suppose -65 = -4*f - h, -4*f + 0*h + 77 = -y*h. What is the units digit of f?
7
Let f be 1/((-24)/64*1/(-3)). What is the tens digit of 26/f*(14 - -10)?
7
Suppose 0 = -5*n - 4*n + 2844. What is the hundreds digit of n?
3
Let z be (-4 - (-1 - 0)) + 5. Let o = 2 + z. Suppose 0 = 5*p - o*p - 18. What is the units digit of p?
8
Let c(l) = 6*l**2 + 9*l + 3. Let y(m) = -7*m**2 - 2*m - 5*m - 5*m + 2*m - 3. Let x(r) = -6*c(r) - 5*y(r). What is the units digit of x(-2)?
1
Let d(h) = 45*h**2 - 53*h - 316. What is the thousands digit of d(-7)?
2
Let q b